 3 + 3. Suppose 1 + 8 = m*r. Suppose s + r*q - 7 = 0, -4*s + 0*s + 36 = 4*q. What are the prime factors of s?
2, 5
Suppose -79 + 4 = 5*b. List the prime factors of b*((-8)/(-3))/(-4).
2, 5
Suppose -3*n - 340 = -7*n. What are the prime factors of n?
5, 17
Let s be (8/16)/(1/4). Suppose -s*v - 2*c = -82, 0 + 50 = v - 2*c. What are the prime factors of v?
2, 11
Let l = -40 - -94. List the prime factors of l.
2, 3
Suppose -5*c + 113 = -t - 3*t, 3*c = 2*t + 69. What are the prime factors of c?
5
Let u = 20 + -11. Suppose u*i - 100 = 4*i. List the prime factors of i.
2, 5
Let p(y) = 7*y**3 - 4*y**2 - 2*y + 1. Let v(c) = 6*c**3 - 5*c**2 - 2*c + 1. Let t(r) = 6*p(r) - 5*v(r). Let j = 1 - 0. List the prime factors of t(j).
2, 3
Let w(q) be the third derivative of q**6/120 - 7*q**5/60 + q**4/3 - 2*q**3/3 + 2*q**2. Let j = 10 - 4. What are the prime factors of w(j)?
2
Suppose 2*s - 3*v = 22, -19 - 25 = -4*s - 2*v. What are the prime factors of s?
11
Let x = 27 + -7. What are the prime factors of x?
2, 5
What are the prime factors of (1 - 3*5/15) + 71?
71
Suppose 11 = 3*l - 4*a - 5, 4*l - 3*a = 19. Let g(c) = -5*c + 0 + l*c + 1 + 2*c. List the prime factors of g(2).
3
Let b = -25 - -102. What are the prime factors of b?
7, 11
What are the prime factors of (-4 - -3)*(-111)/3?
37
What are the prime factors of 6/4*(-188)/(-6)?
47
What are the prime factors of 4 + (4/2 - -61)?
67
Let o(t) = -t**3 - t**2 + 3*t + 300. List the prime factors of o(0).
2, 3, 5
Let h(n) = n**2 + 6*n - 2. Let j be h(-3). Let q = j - -23. List the prime factors of q.
2, 3
Let l = 60 + -33. What are the prime factors of ((-6)/9)/((-6)/l)?
3
Suppose 0 = -4*i + i + 102. What are the prime factors of i?
2, 17
Let r = -4 + 6. Suppose r*w = 3*w - 4. Suppose 0 = -w*z + 26 + 10. List the prime factors of z.
3
List the prime factors of (-3)/4 - 1564/(-16).
97
Let h be (-3 + -48)*8/(-6). Suppose h = 2*z + 2*z. List the prime factors of z.
17
Suppose -i + 0*i - 2 = 0. Suppose 3*w = 6*y - 2*y - 10, 4 = -w + y. List the prime factors of i/(-3) + (-62)/w.
11
Suppose 3*f + 2*y + 3 = 4*f, -3*f = -2*y - 13. Suppose -2*o - 21 = -f*o. What are the prime factors of o?
7
Let f = 4 + 0. Suppose f*h + 137 = 5*n, 4*n + 25 = 5*n - 2*h. What are the prime factors of n?
29
Let j = 47 - -46. List the prime factors of j.
3, 31
Let f(i) = -i**3 - 3*i**2 + 9*i + 12. What are the prime factors of f(-7)?
5, 29
Suppose 1 = -m + 5. What are the prime factors of 30/m*(-2)/(-3)?
5
Let n = -209 - -488. List the prime factors of n.
3, 31
Suppose 424 = -26*u + 30*u. List the prime factors of u.
2, 53
Suppose 0 = 3*g - g + 10. Let q(o) be the first derivative of -o**2 + 2. List the prime factors of q(g).
2, 5
Let u(g) = g - 2. Let d be u(2). Suppose 2*v + 0*v - 10 = d. Suppose 0 = -5*i - 3*n + 40 + 8, 4*i - 31 = v*n. List the prime factors of i.
3
Let r(h) = 6*h**2 + 2*h. List the prime factors of r(-2).
2, 5
Let u be (14/8)/((-5)/(-20)). Let n = 11 - u. Let r = 7 - n. What are the prime factors of r?
3
Let d = -81 + 144. What are the prime factors of d?
3, 7
Let s(v) = v**2 + v + 2. What are the prime factors of s(0)?
2
List the prime factors of (-7)/(238/(-4)) - 555/(-51).
11
Suppose 5*r + 12 = 9*r. Suppose -r*o - o + 144 = 0. What are the prime factors of o?
2, 3
Suppose 4*k = 3*k - 10. Let a(z) = z**2 + 10*z + 4. List the prime factors of a(k).
2
Let x be -1 - -1 - -1*2. Suppose -6 = -0*n - x*n. List the prime factors of n.
3
Suppose 0 = 2*p + 10, 3*p - 39 = -2*n + 2*p. Let c = n + -4. Suppose -2*o = z - 12, c = 3*z + 3*o - 24. List the prime factors of z.
2
Let c(z) = -z. Let f be c(-5). What are the prime factors of (-1 - f/4)*-4?
3
Let n(b) = -20*b**3 + 2*b**2 + 2*b + 1. Let p be n(-1). Suppose -5*u = -4*l + p, 0 = 2*u - 0*u + 2. Let a = -1 + l. List the prime factors of a.
3
Suppose -q = 2*q + 21. Let y(p) = -p + 5. List the prime factors of y(q).
2, 3
Suppose -9*a + 6*a = -114. List the prime factors of a.
2, 19
Let q(i) = -12*i**3 - i**2 + i + 3. What are the prime factors of q(-2)?
3, 31
Let l(r) = -r**2 - 15*r - 7. List the prime factors of l(-5).
43
Let g = 669 + -432. What are the prime factors of g?
3, 79
Suppose -4*b - 2*n - 47 = b, 3*b - 5*n + 22 = 0. Let k = 11 + b. List the prime factors of k.
2
Let a = 341 + -176. What are the prime factors of a?
3, 5, 11
List the prime factors of (26/(0 - -2))/((-11)/(-77)).
7, 13
Let r = -33 + 355. List the prime factors of r.
2, 7, 23
Suppose k + 31 = 4*q, 7*q - 25 = 2*q + 4*k. Suppose i + 4*l = 25, l + 3*l = i - q. List the prime factors of i.
17
Let h be ((3 - 10) + 0)*-1. Let z be (-14)/(-5) + h/35. Suppose z*a + 7 = -3*s - 2*s, 4*s = a - 26. List the prime factors of a.
2, 3
Let a = -8 + 12. Suppose 0 = a*d + d, -p + d = -6. What are the prime factors of p?
2, 3
Let q(h) = -h**3 + 8*h**2 + 2*h + 2. Let v be q(6). Suppose o + 4*o = -4*w + 187, 2*o - v = 4*w. What are the prime factors of o?
3, 13
Let h = 0 - 0. Suppose -n = -h*n - 40. Let a = n - 28. List the prime factors of a.
2, 3
Let a(z) = -5*z - 1. Let j(w) = -6*w - 1. Let t(i) = -4*a(i) + 3*j(i). What are the prime factors of t(6)?
13
Let q(d) = -16*d - 3. Let k be q(-2). Let h be k/3 - (-2)/6. Suppose n = -0*n + 2*m + h, -5*m - 10 = 0. List the prime factors of n.
2, 3
Let u = -6 - -11. Suppose 0 = -v - 6 - u. Let w(i) = i**2 + 9*i - 13. List the prime factors of w(v).
3
Suppose -2*p = -3*a - 20, -5*a + 6*p = 4*p + 32. Suppose -2 = -2*h, -5*f + 14 = -10*f + 4*h. What are the prime factors of 0 - -1 - (a + f)?
3
Let l(n) = -n**2 - 9*n - 8. Let t be l(-8). Suppose 5*b - b - k - 29 = t, 3*b - 4*k = 12. Let u = -6 + b. What are the prime factors of u?
2
Let h(u) = u**2 + 8*u. List the prime factors of h(-11).
3, 11
Suppose 2*v - 34 = -p + 4*p, -3*p = -3*v + 33. List the prime factors of 27 + p/(-4) + 0.
2, 3, 5
Let o(w) = -w - 1. Let z(m) = -m**3 - 6*m**2 + 9*m + 4. Suppose 3*g - a + 26 = -2*a, -2*a = -5*g - 25. Let t be z(g). List the prime factors of o(t).
3
Suppose -31*n + 25*n + 174 = 0. What are the prime factors of n?
29
Suppose -4*b - 240 = -8*b. Suppose 0*v - 2*v = m - 11, 0 = -5*m - 5*v + b. List the prime factors of m.
13
Suppose 0 = i - v - 9, -2*v + 0*v + 32 = 3*i. Suppose r - i = 9. What are the prime factors of r?
19
Suppose 0*q - 3*q = 0. Suppose q = -6*n + 2*n + 8. Suppose -n*t - 5*y = -9, -t = 3*t - 3*y - 5. List the prime factors of t.
2
Let u be 2/7 - 496/(-28). Suppose -2*m = -m - u. What are the prime factors of m?
2, 3
Let g = -59 + 35. What are the prime factors of 7*(-2 - g/7)?
2, 5
Let g = 3 + -9. Let p(o) = -o**3 - 7*o**2 - 8*o - 7. Let z be p(g). Suppose 4 = -2*y + f + f, -4*f = -5*y - z. What are the prime factors of y?
3
Let r be (-24)/(-14) + 12/42. Suppose -5*q + 20 = -b, r*b + q + 3 = -4. What are the prime factors of (-14)/b + 2/10?
3
Let t = 113 + 114. List the prime factors of t.
227
Suppose -3*q = -2*q - 112. Suppose 0 = -6*r + 2*r + q. What are the prime factors of r?
2, 7
Let u = -5 + 4. Let g be ((-14)/(-3))/(u/(-3)). Let f = g + -8. What are the prime factors of f?
2, 3
Suppose 12*f - 14 = 250. List the prime factors of f.
2, 11
Let w be (-2 - 33/(-12))*28. Suppose 0 = -4*b - w + 77. List the prime factors of b.
2, 7
Let j = 1 + 2. Suppose 0 = j*b + 3, -c = -0*c - 5*b - 32. List the prime factors of c.
3
Let z = 84 - 18. Let w = z - 47. What are the prime factors of w?
19
Let b = 18 - 6. Suppose 2 = -o + b. What are the prime factors of o?
2, 5
Let p = 8 - -2. Suppose f = 3*f - p. Suppose -4*y = -f*k - 3*y + 45, -k + 4*y + 9 = 0. What are the prime factors of k?
3
Let m = 116 - 59. List the prime factors of m.
3, 19
Let n be (2 - 1 - 0)*0. Suppose 2*i - o = 5*i - 3, n = -2*i - 4*o - 8. Suppose -i*w + 12 = -0*w. List the prime factors of w.
2, 3
Suppose -330 = 10*q - 13*q - 2*j, 0 = q - 5*j - 93. What are the prime factors of q?
2, 3
Suppose 4*o + 75 = 339. What are the prime factors of o?
2, 3, 11
Suppose 0 = 4*f - 9*f - 65. List the prime factors of (-2)/f + 256/26.
2, 5
Suppose 388 = -3*p - 272. Let m = p - -139. List the prime factors of ((-4)/6)/(6/m).
3
Let r = 13 - -17. Let q = 44 - r. What are the prime factors of q?
2, 7
Let o = 2 + -2. Suppose o = -2*k - x - 3*x + 4, 2*x + 8 = 4*k. What are the prime factors of 19/k - 3/(-6)?
2, 5
Suppose 4*j = -2*u + 4, -2*